*y = s. Let w = 135 - y. What are the prime factors of w?
2, 17
Let b(k) = k**3 + 10*k**2 - k - 4. Let p be b(-10). Suppose -p*c + 28 = -l - c, -5*c + 82 = -4*l. Let j = 14 - l. List the prime factors of j.
2
Suppose 2*b - 10 = -t, 5*t + 33 = -2*b + 83. What are the prime factors of 83*(16/t + (-9)/15)?
83
Let b(t) = -100 + 9*t + 143 + 6*t**2 - 3*t**2. What are the prime factors of b(-6)?
97
Suppose -2633 - 2071 = -8*a. What are the prime factors of 3 - a/(-9)*3/2?
101
Suppose 26*a = 16*a + 23480. List the prime factors of a.
2, 587
Suppose 3*c - 2*o + 13 = 2*o, c + 11 = 3*o. What are the prime factors of 765/34*(c - -1)?
3, 5
Suppose 9*l = 8*l - 2. Let y be (8 + -2)/3*l. What are the prime factors of -3 + (-16)/(y/2)?
5
Suppose 15*a = -a + 528. Let d = a + 56. What are the prime factors of d?
89
Suppose 3*c - 2*f - 1852 = 0, -3*c - 4*f + 2456 = c. What are the prime factors of c?
2, 7, 11
Suppose -19 + 1 = -g. Suppose -3*x = -0*x + g. Let j = 24 + x. List the prime factors of j.
2, 3
Suppose z - r - 206 = 0, 2*r = 2*z - 4*z + 428. What are the prime factors of z?
2, 3, 5, 7
Suppose 72 = 4*j + 4*o, -2*j + 2*o + 0*o = -20. Let c be j/21*(-30)/(-4). Suppose -46 = -3*f - 2*l, -3*f - 49 = -c*f - 5*l. What are the prime factors of f?
2, 3
List the prime factors of 296/6*18/42*91.
2, 13, 37
Let m = 21 - 167. Let l = -60 - m. List the prime factors of l.
2, 43
Let n(g) be the third derivative of g**4/2 + 41*g**3/3 - 2*g**2 - 4*g. What are the prime factors of n(11)?
2, 107
Suppose 3*v - 4*s + 5*s = 8, 5*s = -5. Suppose -7*u + 3*u - 215 = -r, -r - v*u + 187 = 0. What are the prime factors of r?
199
List the prime factors of -4 - (4/12)/((-5)/52395).
3, 1163
Let o(v) = v**3 + v + 37. Let t be 2 - (14 + -1) - 1. Let a be 4/(-18) - t/54. List the prime factors of o(a).
37
Suppose -16844 = -24*c - 1364. What are the prime factors of c?
3, 5, 43
Let r(f) = -8*f**2 - 8 + 5*f + 6*f**2 - 7 + 4*f**2. Let o(l) = -2*l + 6. Let w be o(7). List the prime factors of r(w).
73
Let w(d) = -3*d**3 + d**2 - d + 2. Let f be w(2). What are the prime factors of (-32)/f*(-55)/(-2)?
2, 11
Let c = -36 - -51. Suppose -c*r = -14*r. Suppose r = i - 8 + 1. List the prime factors of i.
7
Let f = -108 + 420. List the prime factors of f.
2, 3, 13
Suppose -129*w = -122*w - 5859. List the prime factors of w.
3, 31
Let o(x) be the first derivative of x**4/4 - x**3/3 - 5*x**2/2 - 2*x - 2. Let i = -24 + 28. What are the prime factors of o(i)?
2, 13
Let r(i) = 60*i + 674. What are the prime factors of r(20)?
2, 937
Let g be ((-19)/5 + 3)/(6/(-15)). Suppose g*v - 25 = 65. List the prime factors of v.
3, 5
Suppose 0*s + 24 = 8*s. Let a(p) be the third derivative of p**5/60 + p**4/24 + p**3/3 - p**2. What are the prime factors of a(s)?
2, 7
List the prime factors of ((-246)/30 - -9)/(4/13490).
2, 19, 71
What are the prime factors of 22/33 + (-6672)/(-9)?
2, 7, 53
Suppose 11 = 6*o - 1. Suppose 82 + 68 = o*p. What are the prime factors of p?
3, 5
Let x = -42 + 33. What are the prime factors of (-112)/(-2) - (-6 - x)?
53
Let j = -835 + 1324. List the prime factors of j.
3, 163
Let t(s) = 5*s**2 + 2*s. Let q be t(-1). Suppose 219 = 4*l - q*o, 3*l - 168 + 8 = -2*o. List the prime factors of l.
2, 3
Let z(r) = -4*r - 55. Let c be z(-15). Suppose -15 = -0*j - 3*j. Suppose 3*p + c*x = 13, p - j*p + 4*x + 60 = 0. What are the prime factors of p?
11
Suppose -44 = -3*u + m - 2*m, -3*u - 4*m + 32 = 0. Let x = 12 - u. What are the prime factors of 3740/143 + x/26?
2, 13
Let s(d) = -d - 5. Let k be s(-5). Suppose j - 223 = -3*q, -j = -3*q - k*j + 215. List the prime factors of q.
73
Suppose -4*k + 48778 = 25*k. List the prime factors of k.
2, 29
Suppose 5*r - 66 = -3*w + r, 3*w - 90 = 4*r. Let c = w + 10. What are the prime factors of c?
2, 3
Suppose 4*g + 4232 = 5*v + g, -2*g - 3386 = -4*v. List the prime factors of v.
7, 11
Let k = -633 - -2462. What are the prime factors of k?
31, 59
Let w(z) = -39*z**3 + 5*z**2 + 7*z + 8. List the prime factors of w(-3).
5, 7, 31
Let l be (-1)/(-3)*(9 - 102). Suppose -g + 45 = -d, -112 = 5*d + 2*g + 127. Let p = l - d. List the prime factors of p.
2
Suppose 2*s = 4*a, -s + a = 4 - 1. Let g = -12 - s. Let v = 11 + g. What are the prime factors of v?
5
Let q = 233 - 195. List the prime factors of q.
2, 19
Let b(u) = u**3 - 10*u**2 + 14*u + 11. Let w be b(8). List the prime factors of 21/3*(w - -7).
2, 7
Let f(t) = 48*t**2 + 10*t - 25. List the prime factors of f(4).
3, 29
Let b(f) = f**3 - 9*f**2 - 21*f - 47. List the prime factors of b(14).
3, 71
Suppose 5*i - 491 = 874. What are the prime factors of i?
3, 7, 13
Let c be (1 + -1 - 1) + (-165)/3. Let h(q) = -q**3 - q**2 - 94. Let y be h(0). Let r = c - y. What are the prime factors of r?
2, 19
Let w = 41 + -37. What are the prime factors of ((-344)/w)/(-1 + 0)?
2, 43
Let l(r) = -r**2 - 15*r + 12. Let x be l(-11). Let t = 83 + x. What are the prime factors of t?
139
Let y(m) = -3*m + 4. Suppose -l - 7 = 3*c, 4*c = 3*l + 6*c + 7. List the prime factors of y(l).
7
Let w = 1147 - 722. What are the prime factors of w?
5, 17
Let d = 173 + -171. Suppose 0 = -4*k + 31 + 149. Suppose -4*h + k = 2*m - 53, -d*h + 4*m + 74 = 0. What are the prime factors of h?
3
Let g(v) = 25*v**2 - 15*v + 41. What are the prime factors of g(4)?
3, 127
Let h = 25 + -22. Suppose 5*s + 728 = h*f - 0*s, -244 = -f + 2*s. Suppose 0 = -4*r - 0*r + f. What are the prime factors of r?
59
Suppose 2*p - 5*p - 3*j + 14397 = 0, 5*p - 2*j = 23967. What are the prime factors of p?
5, 7, 137
Suppose 2*k - 3*k + 11 = 2*t, 4 = -4*k. Suppose 120 = -t*l + 8*l. What are the prime factors of l?
2, 3, 5
Let a = -1 + -11. Let x = -5 + -1. What are the prime factors of (-14)/a*-2*x?
2, 7
Let u = 1311 - 1120. What are the prime factors of u?
191
Let a = 11 + -3. Let s(b) = -3*b - 13. Let r be s(-10). Let n = r - a. What are the prime factors of n?
3
Let m(s) = s**3 + 4*s**2 - 6*s + 9. Let l be m(-5). List the prime factors of -5 + l - (0 - -3).
2, 3
Suppose -4*u - 2*v = 0, 2*u - 2 = 7*u + 3*v. Suppose 0 = t - 2*l - l - 3, t - u*l = 0. Let f = t + 12. List the prime factors of f.
2, 3
Let d(t) = -t + 15. Suppose 2*s + 15 = 1. What are the prime factors of d(s)?
2, 11
Let o = -2269 + 2449. What are the prime factors of o?
2, 3, 5
Suppose -8*p = -5*p + 21. Let n = 21 + p. Let l = 1 + n. What are the prime factors of l?
3, 5
Suppose 0 = -2*x + 924 + 146. List the prime factors of x.
5, 107
Suppose 29*n - 19*n = 35450. List the prime factors of n.
5, 709
Let x(k) = 11*k**2 - k + 9. List the prime factors of x(9).
3, 11
Suppose 582 = 3*d - 84. What are the prime factors of d?
2, 3, 37
Suppose 0 = -t + 5*r - 580, 7*r = -2*t + 2*r - 1085. List the prime factors of t*(9/6 - (-33)/(-18)).
5, 37
Let p = 1125 - 554. What are the prime factors of p?
571
Suppose 0 = -3*l + 8*l - 380. Suppose i + l = 3*i. What are the prime factors of i?
2, 19
What are the prime factors of (-1)/(-3*3/1206)?
2, 67
Suppose 40*g - 36*g - 2196 = 0. What are the prime factors of g?
3, 61
Let i = -40 + 41. Let v(f) = 45*f + 2. List the prime factors of v(i).
47
Let r be -1*1*(3 - -237)/(-5). Suppose 0*a = -3*a + 4*k + 61, 2*a + k - r = 0. What are the prime factors of a?
23
What are the prime factors of (-415050)/(-70) - (-5)/7?
2, 5, 593
Let n be 4/3 + (-22)/(-6). Suppose -24 = -5*i - g + 2, 0 = 3*i - n*g - 10. List the prime factors of i.
5
Let g(h) = 3*h**3 + 7*h**2 - 5*h - 3. Let c be g(4). Let p = c + -192. What are the prime factors of p?
89
List the prime factors of (-1784)/(-16) - 3*(-4)/(-8).
2, 5, 11
Let n = -3608 - -5155. What are the prime factors of n?
7, 13, 17
Suppose -48 = -j - u - 4*u, -2*u + 88 = 2*j. List the prime factors of j.
43
Let s = -863 + 4156. List the prime factors of s.
37, 89
Suppose 0 = 2*p - 5*m + 714, p + 4*p + 1847 = -3*m. What are the prime factors of p/(-9) - (-1)/((-18)/(-4))?
41
Let q(k) be the third derivative of k**5/60 + k**4/8 + k**3/2 - 8*k**2. What are the prime factors of q(-4)?
7
Let k = 793 + -275. What are the prime factors of k?
2, 7, 37
Let q be (7 + -3)/(-4) + 3. Suppose -q*v - v + 129 = 0. What are the prime factors of v?
43
Suppose -2556 = -30*t - 816. What are the prime factors of t?
2, 29
Let z(t) = -5*t - 10. Suppose -2*f - 10 = -3*y, -f - 45 = 2*f 